6)) + -7. Let q = 4 + l. Give z(q).
10
Let r(m) = 2*m - 1. Let k(i) = -11*i + 6. Let s(b) = -k(b) - 5*r(b). Give s(-7).
-8
Let i(f) = -3*f**3 - 7*f**2 + f - 5. Let l(u) = -5*u**3 - 13*u**2 + u - 9. Let j(w) = -7*i(w) + 4*l(w). Determine j(4).
3
Let c(x) be the second derivative of -x**3/3 + x**2/2 - 4*x. Suppose 2*s - s = 7. Suppose -2*t + s = -0*t + g, -2*t = -3*g - 3. What is c(t)?
-5
Let u(k) = -4*k - 8. Let o(x) = -x. Let f(m) = -5*o(m) + u(m). Let t = 24 - 26. Let l be 5*t*(-2)/4. What is f(l)?
-3
Suppose -2*a - 5*x = -28, -a + 4 = -5*x + 20. Let k(j) = -j**3 - a*j - 6*j + 11*j + 1 + 3*j**2. Determine k(3).
4
Let w be 1/(-4) + (-27)/4. Let y be (-12)/84 - 1/w. Let x(r) = -r**2 + r - 8. Give x(y).
-8
Let y(l) = l - 1. Let x = 1 + -8. Let z = x + 2. Let o = 5 + z. Calculate y(o).
-1
Suppose 3*b - 8*b = -20, -5*b = -4*k - 16. Let h(d) = 19*d**2 - d + 1. Calculate h(k).
19
Let q(s) = -7*s**3 - 6*s**2 - 5*s + 4. Let v(t) = t**3 + t**2 + t. Let z(g) = q(g) + 6*v(g). Suppose 2*a + a = 0. Give z(a).
4
Let z be -5*((-24)/10 - -2). Let h(c) = -1 - 2*c + z*c - c. Determine h(3).
-4
Let v(a) be the second derivative of -a**5/20 + a**4/4 - a**3/6 + 2*a**2 - 5*a. Calculate v(3).
1
Let i be (-1)/((6/4)/(-3)). Suppose -5*x = 5*g + 15, i*g + x = -0*g - 3. Let v(d) = d**2 + d + 1. Calculate v(g).
1
Let q(z) = z**3 + 4*z**2 + 5. Suppose -24 = 3*h + 3*h. Calculate q(h).
5
Let l(z) = 3*z + 4. Suppose 15 = 2*v - 7*v. Let b be -3 - v - (3 - -1). Give l(b).
-8
Suppose 0 = -3*v + 7 + 2. Let r(q) = -q - 1. Let t(z) = 4*z + 7. Let i(k) = -10*r(k) - 2*t(k). Give i(v).
2
Let r be -2*(-4)/((-24)/15). Let z(j) = -2*j - 2. What is z(r)?
8
Let t(o) = o**3 - o + 1. Let l be t(0). Let y(k) = -11*k**3. Give y(l).
-11
Let y(c) be the second derivative of c**5/60 - c**4/24 + c**3/3 + c**2 + 4*c. Let v(x) be the first derivative of y(x). Give v(2).
4
Let f(m) = -m**2 + 6*m - 2. Let j be -4 + 1 + 1 + 6. Give f(j).
6
Let b = 8 + -6. Let h(o) = -4*o**b + 3*o**3 + 1 + 0*o**3 + 0*o - 2*o**3 + 3*o. Give h(3).
1
Let d be ((-14)/4)/(3/6). Let x(b) be the third derivative of -b**5/60 - b**4/4 + b**3/3 + 4*b**2. What is x(d)?
-5
Let g(y) be the first derivative of y**4/8 - y**3/6 + y**2 + 3. Let w(l) be the second derivative of g(l). Let f be (2/(-2))/((-2)/4). Give w(f).
5
Let t(b) be the third derivative of -b**5/60 + b**4/4 - b**3/3 - 35*b**2. Give t(4).
6
Let a = 1 + 1. Let y(l) = -l + l**3 + 4 - 4*l**2 + a*l - 2. Determine y(3).
-4
Let c(b) = 0 + 4*b + 2*b + 5 + 0*b - b**2. Determine c(6).
5
Suppose -1 + 26 = 5*n, 2*n - 11 = o. Suppose -5*g + 2*g + 6 = 0. Let v(f) = -f + 4*f**2 - g*f**2 + 2*f**2 - 1. Give v(o).
4
Let c(l) be the second derivative of -3*l**3/2 - 3*l**2 - l. Let b(k) = -1. Let y(t) = -5*b(t) + c(t). Let r(j) = j - 1. Let d be r(0). Give y(d).
8
Let r(d) = d**3 - 7*d**2 - 7*d - 6. Let q be r(8). Let s(k) = 1 + 0 + 3 - q + k. Calculate s(-6).
-4
Let a(n) = -6*n - 3. Suppose 3*c = 2*v - 2 - 13, -2*c = 5*v + 10. Suppose -3*y - 2*y - 10 = v. Give a(y).
9
Let b(g) = -5*g - 3. Suppose 2*o + 0*o - 3*c + 5 = 0, -5*c = 2*o - 19. Suppose 8 = o*t - 6*t. Give b(t).
7
Let x = -22 + 17. Let y(l) = -6*l + 4*l + 3*l. Determine y(x).
-5
Let r(k) = -k**2 + k. Let j(m) = 5*m**2 - 6*m + 2. Let d(i) = -j(i) - 6*r(i). Let s be (-1)/(2*3/18). Give d(s).
7
Let x(z) = -z**3 - z**2 + 2*z + 1. Let u(d) = d**3 + 5*d**2 + 2. Let r be u(-5). Let p = 1 + -4. Let s be p/r*4/(-3). Give x(s).
-7
Suppose 4*d + 6 = 3*q, -q + 2 = 4*d - 0. Let t(n) = 3 - 4 - n**q - 3*n + 0*n**2. Calculate t(-2).
1
Let y(l) = -l. Let d = 16 + -13. Let i = -6 + d. Determine y(i).
3
Let r(c) be the third derivative of c**5/30 + c**4/3 - 5*c**3/6 - 25*c**2. What is r(-6)?
19
Let y(k) be the second derivative of -k**5/20 - 5*k**4/12 + 7*k**3/6 + 5*k**2/2 + 7*k. Let l be -2*(-3)/9*-9. Give y(l).
-1
Let g(n) = 4*n**3 - 2*n**2 + n. Let x = 1 - 5. Suppose d = 4*o - 9*o - 8, 2*o + 4*d = 4. Let c be (-6)/x*o/(-3). Calculate g(c).
3
Suppose 0 = 2*d - 4*d + 4. Let z(y) = 2*y**2 + y**2 + 0*y**d - y. Suppose 0 = -j + g - 4, 3*j - 2*g = -9 - 0. Give z(j).
4
Let w(v) be the first derivative of v**5/20 - v**4/3 - v**3/2 - 5*v**2/2 + 6*v + 4. Let l(d) be the first derivative of w(d). What is l(5)?
5
Let y(i) = -i**3 - i**2 - i - 3. Let l(x) = -x - 6. Let h be l(-6). What is y(h)?
-3
Let w = -12 - -7. Let j(p) = -3*p**2 - 7*p + 2*p**2 - 5 - 2. What is j(w)?
3
Suppose -4*b - 4 = -3*b. Suppose 5*j - q - 22 = 0, 4*j - 4*q - 11 = -3. Let s = b + j. Let a(f) = 7*f**3 - f**2. Determine a(s).
6
Suppose 0 = -5*s + 3*j - 8*j + 45, s + 2*j = 14. Let w(v) = 4 + 2*v - 5*v + s*v + 0*v. Give w(3).
7
Let d(o) = -o**3 - 3*o**2 + 1. Let h = -2 + 1. What is d(h)?
-1
Let s(d) = -d**3 - d - 7. Suppose 2*n = h + 5, 0*h - 20 = -5*h - 5*n. Let v be (h - (-1)/(-2))*0. Give s(v).
-7
Let w(l) = -15 + 6*l**2 + 5*l - 1 + 9 + l**3. Suppose 1 + 9 = -2*c. Determine w(c).
-7
Let x(l) = 4*l**3 + 3*l**2 + l + 10. Let w(s) = 11*s**3 + 10*s**2 + 4*s + 29. Let c(h) = 3*w(h) - 8*x(h). Give c(-5).
12
Let g(v) = 64*v - 2 - 3 - 33*v - 30*v. Give g(5).
0
Suppose -2*y + 10 = -j, -y = 6*j - 2*j + 4. Let z(f) be the third derivative of f**5/60 - f**4/8 - f**3/3 - 3*f**2. Calculate z(j).
8
Let s(z) = z**2 + 5*z + 3. Suppose 5*a - 4 - 6 = 0, 4*a + 27 = 5*i. Let q = i - 5. Let m(k) = k**2 - 6*k + 3. Let b be m(q). What is s(b)?
3
Suppose -60 = 6*v + 9*v. Let h(y) = -6 + 0*y**3 - 4*y + 0*y**3 + y**3 + 3*y**2. Calculate h(v).
-6
Suppose 8*b - 2 = 3*b - u, 0 = 3*u - 6. Let p(r) = r + 4 + 5 + b*r - 1. Determine p(-8).
0
Let h(i) = 46*i**2 - 2*i - 3*i - 45*i**2 - 5. What is h(6)?
1
Suppose 4*q - q = 0. Suppose -9 - 3 = -4*v, 0 = 4*p - 3*v + 1. Let j(d) = -3*d + d**p + 3*d**3 - 4*d**3 + 2*d + 9. Give j(q).
9
Suppose 0 = 3*g - 0*g + 15. Let b(k) = -k**2 - 3 - 7*k + 7*k**2 - 4*k**2 - 3*k**2. Calculate b(g).
7
Suppose 2*j = 4*p + 4, 0*j = -2*j - 4*p - 4. Suppose j = 4*z - z + 6. Let w(b) = b**2 - b - 2. Determine w(z).
4
Let q = 2 - 1. Let w be 12/(-16)*(-3 - 1). Let t be -2 - (-5 + (w - q)). Let n(u) = -u + 1. Calculate n(t).
0
Let w(h) = 3*h + 6 - 6. Suppose 4*x = -0*x. Suppose -2*y - y + 6 = x. Give w(y).
6
Suppose -5*q = 3 - 13. Suppose 5*h - 23 = u + q*u, -5*u = 5. Let l(n) = 3*n - 6. What is l(h)?
6
Let w(t) = -t**3 - 4 + 12*t**2 - 6*t**2 + 8*t - 5. What is w(7)?
-2
Let y(c) = -3*c + 3. Let j be y(-3). Suppose -12*b + 34 = -14*b. Let p = j + b. Let v(q) = -3*q - 7. Determine v(p).
8
Let u(d) be the second derivative of d**6/720 + d**5/120 + 5*d**4/12 - 2*d. Let g(p) be the third derivative of u(p). What is g(6)?
7
Let q(c) = -3 - 4*c + 2*c + c + c**2 - c. Give q(5).
12
Let b(u) = u + 7. Let p(o) = 2*o + 4. Let g be p(-2). Suppose g = 11*a - 12*a - 6. Give b(a).
1
Let d(g) = g**2 + 8*g + 9. Let o be d(-6). Let a = -1 + 3. Let r(m) = -5*m + a*m + m + 3*m. Give r(o).
-3
Let d(k) = 2*k - 4. Let b be (5/(-2) + 2)*-4. Suppose b*j - 8 = -0*j. What is d(j)?
4
Let r = -4 + 2. Let z = 3 - r. Suppose -3*m + 3 = -2*j + 5*j, -z*m + 2 = 4*j. Let v(k) = -2*k - 3. Give v(m).
1
Let r(g) = g - 1. Let j(f) = f**3 - 5*f**2 - 5*f. Let b = -9 + 8. Let v(m) = b*j(m) + 3*r(m). Give v(6).
9
Suppose -b - 6 = -3*u + 5, 7 = 5*u + 4*b. Let c(n) = 3*n**2 - 2*n + 3. Let r(f) = 2*f**2 - f + 4. Let p(a) = u*c(a) - 4*r(a). Determine p(5).
8
Let o = -9 - -15. Suppose -3*c + 6*c + o = 0. Let v(l) = -1 + 2 - 4*l**2 + 3*l**2. Give v(c).
-3
Let j(u) = -u**3 - 5*u**2 + 7*u + 6. Suppose 4*w = 8 - 32. Give j(w).
0
Let o(w) = w**3 + 4*w**2 + w - 3. Let s be o(-3). Suppose -s*n + 1 = 13. Let m(j) = 2 + j**2 - j + 7*j + 4. What is m(n)?
-2
Let g(r) = r**2 + r - 1. Let z(i) = i**2 + 4*i - 1. Let x be z(-7). Let u = x - 22. Determine g(u).
1
Let x(c) = -5*c + 1. Let j(h) = 5*h - 6*h + 1 - h. Let l be j(1). Determine x(l).
6
Let q(l) = 60*l**2. Let d(f) = 12*f**2. Let x(t) = -24*d(t) + 5*q(t). Determine x(1).
12
Let p(o) = -2*o - 7. Let c be (8 - 8) + 0 + 1. Let h(b) = -b - 1. Let l(n) = c*p(n) - h(n). Determine l(-5).
-1
Let o(l) = -1 - 5*l**2 - 2 + 2*l + 1 + l**3. Let r(m) = m**2 - m + 3. Let n be r(2). What is o(n)?
8
Let m be (4/3)/((-6)/(-18)). Let x(w) = -w**3 + 5*w**2 - 3*w - 3. Give x(m).
1
Let r(l) = -3*l + 2. Let t be 2/(-4)*(0 + -6 + -6). Give r(t).
-16
Let x(k) be the first derivative of -k**2/2 + 2*k + 1. Let a(y) = 4*y.